(1).
-17
Suppose -2*p = -0*p + 10. Let r(u) = -u**3 - 4*u**2 + u - 2. Determine r(p).
18
Let o = 32 - 37. Let a(s) = s**3 + 5*s**2 + 4*s - 2. Give a(o).
-22
Suppose 5*y = 3*y + 44. Suppose 2*s - 5*i - 5 = 0, 5*s - 4*i + i = y. Suppose 2*w + s = 3*w - 4*k, 4*k = -4*w. Let h(l) = -4*l - 1. Calculate h(w).
-5
Let f be 2 + 0/(-3) + -3. Let s be -1 - (f + (3 - -1)). Let j(z) = -z - 9. Calculate j(s).
-5
Let s(p) = p + 1. Let r(v) = -5*v - 2 + 0 + 1. Let i(m) = -r(m) - 2*s(m). What is i(-1)?
-4
Suppose 3*i + 5 + 7 = 0. Let r(j) = -4*j. What is r(i)?
16
Suppose -2*v - 5*x = -18, -5*x + 2*x = v - 10. Let f(p) = -2*p + 1. Give f(v).
-7
Let u(l) = -l**2 - 5*l + 2. Let r be u(-5). Let j(k) = -2*k**3 + 2*k**2 + 3*k - 3. What is j(r)?
-5
Let j(i) = -4*i**3 - i**2 + 8*i - 11. Let d(h) = 5*h**2. Let m be d(-1). Let n(v) = 5*v**3 - 9*v + 12. Let l(p) = m*n(p) + 6*j(p). Determine l(6).
12
Let p(z) be the second derivative of z**4/12 - z**3/2 - 7*z**2/2 + 42*z. Determine p(5).
3
Let q be (8 + -5)/((-3)/5). Let n(b) be the second derivative of b**3/6 + 6*b**2 - b. What is n(q)?
7
Suppose -4*v + 0*u + 38 = 3*u, -u = -3*v + 35. Let f(x) = x**3 + x - 6 - 12*x**2 + 5 + v*x**2 - 2. Let t = 1 - 1. Calculate f(t).
-3
Suppose -o + 5 = -x, -x + 6*x - o = -5. Suppose x = 5*g + 12 + 8. Let d(p) = p - 1. What is d(g)?
-5
Let p = 70 + -74. Let k(q) = 7*q - 4. Let u(m) = 3*m - 2. Let j(s) = 4*k(s) - 9*u(s). Calculate j(p).
-2
Let l(v) = -6*v**2 + 7*v - 3. Let n(t) = 5*t**2 - 6*t + 2. Let o(j) = -3*l(j) - 4*n(j). Let q(w) = 3*w**2 - 2*w. Let d(y) = 4*o(y) + 3*q(y). Give d(-5).
-1
Let z(p) = -p + 6. Let h be z(11). Let k(y) = -6*y**2 - y + 2. Let s(f) = f**2 + f - 1. Let j(c) = h*s(c) - k(c). Calculate j(5).
8
Suppose -5*f + 31 = -0*y + 3*y, 5*y + 5 = 3*f. Let l(p) = -p**3 + 3*p**2 - 2. Determine l(y).
2
Suppose 0*q + 4*q - 32 = 0. Let p be (-2 - q/(-3))*3. Suppose -2*h = p*h + 12. Let b(v) = -v - 2. Give b(h).
1
Let d(j) = j**3 + j**2 + 5. Let i(t) = -4*t + 5. Let y(u) = 5*u - 6. Let x(a) = -6*i(a) - 5*y(a). Let n be x(0). Determine d(n).
5
Let k(p) = 3*p**2 + 0*p**3 + 9*p**2 - p**3 - 6*p - 5 - 5*p. Let j be k(11). Let d(r) be the first derivative of -r**2/2 + r + 1. What is d(j)?
6
Let y(v) = -61 - v + 32 + 31. Give y(-6).
8
Let s(b) be the third derivative of b**5/60 - 7*b**4/24 + b**3/6 - 16*b**2. Give s(6).
-5
Let l(d) = d**3 + d**2 + d + 7. Let q be l(0). Let p(y) = 2*y - 3. Let j(m) = -5*m + 6. Let c(i) = q*p(i) + 3*j(i). Let w = 76 + -71. What is c(w)?
-8
Let q(v) = -v**3 - 6*v**2 - 3*v + 5. Let a(g) = -g**2 - 5. Let r be a(0). Calculate q(r).
-5
Let b(r) = r**3 + 6*r**2 + 2*r - 6. Let p = 4 + -4. Let n = p - 0. Suppose -5*y + 3*i - 37 = n, 4*i - i = -y + 7. What is b(y)?
9
Let a(p) be the first derivative of 1/2*p**4 - 2 - 1/2*p**2 + 1/3*p**3 + 2*p. Determine a(-2).
-8
Let i(l) = 6. Let w(j) = -j + 1. Let f(x) = -i(x) - w(x). What is f(5)?
-2
Let t(i) = i - 1. Let u be t(1). Suppose 4*c - m = 5, 5*m + 0*m - 15 = u. Let j(f) = -1 + 2*f**2 - 4*f + c*f + 1. Determine j(2).
4
Let w(i) = -i**2 - 3. Suppose -j + 0*j + 3 = 0. Let l = -3 + j. Calculate w(l).
-3
Suppose y + 3*d = 2*d, 0 = y - d - 8. Let c(i) be the third derivative of -1/6*i**y + 0 - 1/15*i**5 - 1/3*i**3 + 2*i**2 + 0*i. Give c(-2).
-10
Let t(l) be the third derivative of -l**4/24 - l**3/6 - 20*l**2. What is t(-1)?
0
Suppose 2*q + 11 = j, -5*j = -2*q + 3*q - 11. Let z(l) = j*l**2 + l - 5*l**2 - 7 - l**3 + 2 + 1. Suppose 5*n = 1 - 16. Determine z(n).
2
Suppose -4*n - 3 = 9. Suppose -4*r = -2*r. Let j(c) = c**2 + c - 4*c + 3 + r*c**2 + 5*c. What is j(n)?
6
Let t = 4 + -1. Let z(h) = h + 5 + t - 6. Calculate z(5).
7
Let p(q) = 36*q + 11. Let m(z) = -29*z - 9. Let h(x) = -5*m(x) - 4*p(x). Let l(n) = n - 5. Let s be l(5). Let o be -1 - ((0 - s) + 1). Calculate h(o).
-1
Let x(c) = -3*c + 2. Let m(y) = 2*y**2 - 2*y + 1. Let z be m(4). Let k(s) = s**3 + 6*s**2 + 5*s. Let j be k(-5). Suppose j*f - z = -5*f. Give x(f).
-13
Let s(l) = l**2 - 1. Let n be s(0). Let g(f) = 5*f. Determine g(n).
-5
Let w(m) = -m**2 + 4*m. Suppose 5*g + 2*k - 3 = 0, g - 5*k - 5 = 1. Suppose 3*t - 2*t = g. Let h be (1/(-1)*-3)/t. Give w(h).
3
Let b(h) = h**3 - 5*h**2 + 7*h - 5. Suppose -5 + 1 = l. Let o(k) = k**2 + 2*k - 5. Let c be o(l). Suppose 3*t - 2*u = -7*u - c, 2*t - 5*u = 23. What is b(t)?
7
Let p(y) = -2*y + 6*y + 4*y - 3*y + y**2 + 2. What is p(-3)?
-4
Let a(u) be the second derivative of -u**7/840 + u**6/180 + u**5/60 - u**4/6 - u**3/2 + u. Let l(f) be the second derivative of a(f). Give l(3).
-7
Let w(o) be the second derivative of o**8/6720 + o**7/630 + o**6/720 + o**5/60 + 5*o**4/12 - 5*o. Let j(i) be the third derivative of w(i). Determine j(-3).
8
Let k(x) = 4*x - 6. Suppose 0*y = 4*y - 224. Let h be (4/(-8))/(2/y). Let m be h/(-4) - 1/(-2). What is k(m)?
10
Let v(z) = -z**2 - 5*z - 7. Let d(t) be the third derivative of -t**5/60 - t**4/4 - t**3/3 - 4*t**2. Let l be d(-4). Let m be 2/l + 16/(-3). Determine v(m).
-7
Let i = -152 - -150. Let d(t) = 3*t**3 - 5*t**2 + 6*t + 2. Let r(y) = 2*y**3 - 4*y**2 + 5*y + 2. Let c(n) = 3*d(n) - 4*r(n). Calculate c(i).
-2
Let l(o) = o**3 + 8*o**2 + 6*o - 9. Let y be -7*(2 + -4 + 3). Calculate l(y).
-2
Let w(o) be the second derivative of 1/3*o**4 + 0 + 3/2*o**2 - 1/20*o**5 - 3*o - 2/3*o**3. Give w(2).
3
Let m be 2*-1*(-6)/(-4). Let j = m - -8. Let u(t) = -t**2 + 7*t - 4. Give u(j).
6
Let w be 1 - (-1)/3*0. Let o be w/(-4) + (-63)/(-12). Suppose 0 = -2*u - l + o, 0*l + 2*l - 4 = 2*u. Let k(s) = -4*s**2 + s. Determine k(u).
-3
Suppose 0 + 6 = -3*j. Let z = 4 + j. Let w(u) = -1 + 3 - u**3 - 4 + u**2. What is w(z)?
-6
Let z(k) = 4*k + 2. Let w be z(2). Suppose -5*a + 11 = -2*t - w, -2*a = 2*t. Let y(i) = -11 - 2*i**a + 7*i + 3*i**3 + 5*i**2 + 17. What is y(-4)?
-6
Let n(q) = -3*q - 3*q**2 + 3 - q**3 + 3*q**2 + q**2. Suppose 0 = 2*z + 6, -2*j = 3*z + 4 + 1. What is n(j)?
-7
Suppose -4*b - f - 2 = 19, 3*b + f = -15. Let m(u) = -1 - 2*u - 9 + u. Calculate m(b).
-4
Let o(l) = -l + 2*l**2 - 3*l**2 - 2 + 2*l**2. Let k be (-5)/(-2)*(72/(-15) + 4). Give o(k).
4
Let a be 37/(-7) - 6/(-21). Let c(r) = -2*r**3 - 5*r**2 - 3. Suppose -7 = -5*x - 12. Let g(w) = -w**3 + w + 1. Let b(s) = x*c(s) + g(s). Give b(a).
-1
Let c(v) be the third derivative of v**6/120 + v**5/10 - v**4/24 - 7*v**3/6 + 3*v**2. Give c(-6).
-1
Let k = -2 + 5. Let o(b) be the third derivative of -b**5/60 + b**4/6 - b**3/3 - 32*b**2. Give o(k).
1
Let o(x) = 4*x - x - x. Let c be (-1)/2 - (-10)/4. Suppose -c + 12 = 5*q. What is o(q)?
4
Let u(j) = 0 + 7*j + 2 - 3*j**2 - 1 + 0*j**2 + 4*j**2. Let m(y) = -2*y**2 - 2*y - 2. Let k be m(-2). Give u(k).
-5
Let r(p) be the first derivative of -p**3 - p**2 + 23. Give r(-2).
-8
Let p(i) = 8*i**3 + 23*i**2 + 15*i + 29. Let t(b) = -3*b**3 - 8*b**2 - 5*b - 10. Let c(o) = 4*p(o) + 11*t(o). Give c(5).
6
Let c(h) = -5*h - 48 + 26 + 24. Determine c(4).
-18
Let f(u) = 3*u**3 + 5*u**2 + 2*u + 1. Let k(y) = y**3 + y**2. Let i(z) = -f(z) + 2*k(z). Determine i(-3).
5
Let p(m) = 3*m - 2. Let n = -45 + 51. Determine p(n).
16
Let d(c) = c + 4. Let l = 6 + -13. Determine d(l).
-3
Suppose 0 = 2*t - 0*t. Let l = 5 + 0. Let s(g) = -2*g**2 + 2*g. Let v(a) = -3*a**2 + 3*a + 1. Let n(m) = l*s(m) - 3*v(m). Calculate n(t).
-3
Let p(w) be the first derivative of -w**4/4 - 2*w**3 + 9*w**2/2 + 10*w + 12. What is p(-7)?
-4
Let y(p) = 5*p - 4. Let v be (1/1 - -1) + (3 - 2). Calculate y(v).
11
Suppose n - 4*n = 12. Suppose -5*p + 17 = 4*v, 2*p = -0*v - v + 5. Let f(h) = -3 - v*h + h + 0*h. Give f(n).
5
Suppose -2*u + 12 + 3 = 3*w, 0 = 5*u + 2*w - 10. Let p(n) = -n**2 + 6 - 2*n + 3*n + n**3 + 0 + 1. Give p(u).
7
Suppose -12 = 3*k + 9. Let p = k - -3. Let b(s) = s**3 + 3*s**2 - 4*s. What is b(p)?
0
Let g(c) = 9*c**2 - 2*c + 1. Let k = 1 + -6. Let m = -4 - k. Calculate g(m).
8
Let r(o) = 7 + 0*o - 12*o**2 + 4*o + 11*o**2. Give r(5).
2
Suppose 2*g + 28 = -3*g - a, g - 5*a - 10 = 0. Let i(b) = b**3 + 6*b**2 + 3*b - 5. Calculate i(g).
5
Let t(u) = u**3 + 3*u**2 - 2*u. Suppose 0 = o - 2*d + 13, -3*o - 5*d + 22 = -2*o. Give t(o).
6
Let a(j) be the second derivative of j**5/20 + j**4/12 - j**3/6 + j**2/2 + j. What is a(-3)?
-14
Let b(w) = w**3 - w**2 + 1. Let g be (2/(-2))/(5/5). Determine b(g).
-1
Let l(a) = -6*a + 0 + 2*a**3 + 6 + a**3 - 